- (8 - (2 - 0))?
-8
Evaluate 3 - (-2 + (11 - 8)).
2
(-4 - 3) + (3 - -3)
-1
What is the value of -2 - 6 - (-4 + 1 + -10)?
5
-2 - (-2 - (5 - 8))
-3
(-5 - -14) + (12 - 17)
4
Evaluate 4 - (-3 + (2 - 0) + 1).
4
What is the value of -4 + (-1 + -6 + 3 - -3)?
-5
-10 + 15 - (4 - (-3 - -3))
1
What is the value of 2 + 14 + -7 + -10?
-1
What is 3 + -9 + (-13 - -12)?
-7
What is (1 - 4) + -1 + -7 + 9?
-2
What is the value of 0 + 2 + 0 - (-2 - 1)?
5
What is the value of (-2 - -6 - 3) + -5 + 3?
-1
-3 - ((-5 - (1 - 1)) + 3)
-1
What is the value of -4 - (13 - 4 - 2 - 4)?
-7
What is -14 + 13 - (3 - (2 + 7))?
5
What is the value of 3 + ((-3 - -3) + 2 - 8)?
-3
1 - ((2 - -2) + 1)
-4
Evaluate (0 + 1 - -6) + -7.
0
Calculate (-1 - (-5 + 8)) + 5.
1
What is (15 - 15) + (0 - -5)?
5
Calculate -3 - ((-7 - -6) + -5 + 2).
1
What is -3 + 7 - -2 - 7 - -1?
0
Calculate 0 + 7 + (-10 - -12) + 0.
9
1 + (-4 - 4) + 4
-3
Calculate 9 - 1 - (2 + -1 + 2).
5
What is -3 + -1 - (-5 - (0 - 0))?
1
Evaluate -2 + (3 - -3) + -1.
3
-5 + 0 + -3 + 6
-2
Calculate -1 + (2 - 1) + -1 + -1.
-2
What is (11 - -3) + -7 + -6?
1
What is the value of 10 + 0 + (-12 - -4)?
2
(0 - -4) + 19 + -18
5
What is the value of (3 - 0) + (-5 - -1)?
-1
What is the value of 17 + -3 + (2 - 2) + -4?
10
-2 - -6 - 0 - 3
1
What is the value of (6 - (-8 - -14)) + 5?
5
Calculate -10 + (1 - 3) + 9.
-3
Calculate 6 + -10 + 3 + -4 + 12.
7
What is the value of -10 - (7 + -20 - -8)?
-5
2 + -3 - (2 - (-3 - -3))
-3
What is the value of 11 - 16 - (3 + -7)?
-1
Calculate 2 + -8 + 4 - (1 + 0).
-3
-1 + -4 + -1 + 3
-3
Evaluate 5 - (30 + -32 + (0 - -1)).
6
What is the value of (-5 - (1 + -12)) + (-1 - 0)?
5
Calculate 2 + 8 + -2 + 43 + -51.
0
What is -7 + 4 - (0 + 1 - 6)?
2
Evaluate -3 - (3 + -2 + 3) - 0.
-7
Evaluate 5 + 1 + (2 - (8 + -3)).
3
Calculate (11 - (4 - 0)) + -1.
6
What is the value of -14 + 14 - ((3 - 1) + -7)?
5
What is the value of 4 - 7 - (-1 + 5 + -13)?
6
Evaluate 4 + -2 + 1 + 13 + -18.
-2
What is the value of -5 + 1 - 3 - -10?
3
What is 4 - (4 - (-8 - 1))?
-9
What is 129 + -121 - (1 + 6)?
1
What is -1 - (-14 + 5 + 2 + 1)?
5
Evaluate -3 + 6 + (0 - 4).
-1
What is (0 - 2) + 1 - -4?
3
What is (2 - (4 - 5)) + 0?
3
What is the value of 67 + -53 + (-1 - 7)?
6
Evaluate (-2 + -1 - (10 - 18)) + -5.
0
What is the value of -3 - (1 + -3) - 1?
-2
65 + -53 - (7 - 1)
6
What is the value of -1 + (5 - 2) + -4 - 2?
-4
What is -9 + (6 + 0 - 2) + -2?
-7
Calculate (1 - -4) + -2 + 4.
7
(-6 - -8) + (1 - 10) - -2
-5
What is (3 + 4 + -6 - 1) + 4?
4
What is the value of -4 + 9 + 0 + -6?
-1
-2 - ((14 - 27) + 1 + 3)
7
Calculate -4 + 6 + -3 - -4.
3
Evaluate (13 - 1) + -5 - (1 + 8).
-2
Calculate (-6 - -7) + (-2 - -7 - 2).
4
Evaluate -2 - (-2 + 0 - 6).
6
Evaluate 0 - (4 + 2) - -1.
-5
What is the value of -8 - -15 - (6 + (0 - 6))?
7
What is -2 + -10 + 6 + 6 - -5?
5
What is 5 - 9 - -6 - (-1 - -2)?
1
Evaluate 9 + (0 + -11 - -9).
7
Calculate 1 - (4 + (1 - (5 + -4))).
-3
Evaluate -8 + 3 - -5 - (-5 + 8).
-3
Calculate -8 + -1 - -7 - -7.
5
What is the value of 8 + (-13 - -5 - -3)?
3
What is the value of 1 - (-4 + 6 + 6)?
-7
What is -3 - ((-1 - 1) + (9 - 10))?
0
Calculate (2 + -6 + 2 - -7) + 5.
10
(11 - 9 - -9) + -11
0
Evaluate 0 + -2 - ((-6 - -11) + -4).
-3
What is the value of 0 + -13 + 17 + -8?
-4
What is (0 - (-2 - 1)) + (-4 - -2)?
1
Evaluate 2 + -3 + 2 - (-2 - 1).
4
What is the value of 4 + -2 + (-19 - -12)?
-5
What is (0 - -5) + 2 - 5?
2
-5 - -18 - (-35 - -49)
-1
Evaluate -1 + 3 - (6 - 8 - -9).
-5
What is 8 + 6 + -8 - 12?
-6
-5 + 3 + -4 - (11 + -17)
0
What is -3 + -5 + 5 + 1?
-2
What is the value of 0 + 8 - (19 - 3)?
-8
What is the value of -1 + 4 - 8 - -3?
-2
Evaluate -3 - 0 - (14 + -16).
-1
What is 1 + (0 - 3) + 2?
0
Calculate (-4 - 6 - -7) + 7.
4
Calculate 9 - 7 - (5 + -2 + -1).
0
(4 - 6) + 3 - (2 + 0)
-1
Evaluate 1 + (0 - -5 - 3) - 1.
2
4 + -10 - 0 - -2
-4
Calculate 5 + (7 + 0 - 12).
0
(3 - 1) + -5 + 1 + 5
3
What is -3 + -1 + 12 - (-1 + 5)?
4
Evaluate -1 + -2 + -14 + 22.
5
2 + 0 - (-1 + 6 - 0)
-3
-3 + 2 + 0 + 1 + 1
1
-3 - (1 + 2 + -1)
-5
Evaluate 5 + -7 + 9 + -10.
-3
What is 9 + (0 - 23) + 9?
-5
Calculate 98 + -104 - (1 + -2 + 3).
-8
-5 + (-1 - (1 + 0))
-7
Calculate 0 - (-7 + 12) - -14.
9
What is the value of (-1 - (-3 - 2 - -6)) + 3?
1
(-5 - (-5 + -15)) + (5 - 13)
7
Evaluate -2 - (5 + -3 + (-7 - -2)).
1
1 + 0 + -1 + 1 + -2
-1
What is the value of 6 - (4 - 1) - (-9 + 7)?
5
What is the value of -1 + 0 - -3 - 0?
2
What is the value of -4 + 1 + 3 - (-1 - 0)?
1
Calculate -6 + -1 + 5 + 1.
-1
Evaluate (-6 - -1) + (-13 - -12 - -9).
3
What is -84 - -77 - (0 + -8)?
1
What is (27 - 14 - 9) + (4 - 1)?
7
Evaluate 1 - (15 + -13 - (-1 - -1)).
-1
Evaluate 6 + -3 + (-1 - -2) + 0.
4
What is the value of (13 - 16) + 0 + -1?
-4
What is the value of 5 - (-9 - -7 - (-4 + -2))?
1
What is -11 - (-10 + 1) - (3 + -1)?
-4
What is -11 - (11 + -9 + -12)?
-1
What is -3 - ((1 - -4) + -13)?
5
What is -3 + (6 + -1 - 6)?
-4
What is (-3 - (0 - 7) - 3) + 4?
5
What is the value of 2 + -3 + 4 + -5?
-2
-2 - (9 + -8) - -1
-2
Evaluate 2 + 3 + -5 + -2.
-2
-5 + (-7 - (1 + -13))
0
-4 + -1 + 5 + (3 - 8)
-5
What is the value of -1 - -4 - (-7 - -9)?
1
-7 - (-5 - -1) - -3
0
What is the value of (5 - 0 - 4) + (0 - 5)?
-4
What is the value of 3 - (-7 + 4 + 9 - 6)?
3
Evaluate -6 - (-13 - (-7 - 2)).
-2
What is the value of 2 + 2 - (-20 - -21)?
3
Evaluate 1 - (1 - 1 - (0 - -3)).
4
6 - (3 - 5) - 5
3
What is -3 + 0 + -105 + 106?
-2
Evaluate 2 + (1 + 3 - 4) + -1.
1
What is -18 + 41 + -21 + (0 - 5)?
-3
What is the value of (-2 - -2) + 12 + -19?
-7
Calculate (-2 - 5 - -1) + 4 + 4.
2
Evaluate -10 + (-12 + -2 - -13).
-11
-23 + (11 - (4 + -7))
-9
Evaluate 0 + 3 - (-5 + 7 + 2).
-1
What is 2 - ((4 - 7) + -3)?
8
What is (-29 + 24 - (4 + 0)) + 6?
-3
What is the value of -5 - -8 - 7 - -3?
-1
Evaluate -7 + 16 + -15 + (6 - 0).
0
What is the value of 6 + (-2 - 4) - -1?
1
(4 - (1 - 2)) + -4
1
What is -9 + 7 - 2 - 0?
-4
What is the value of (-1 - (-6 - 2)) + -7 + 5?
5
What is (5 - 9) + 2 + -1?
-3
What is the value of 9 + -6 + -3 + 3 + 0?
3
Evaluate (-5 - -1) + (7 - (7 - 4)).
0
What is 22 + -8 - 11 - (-1 + 0)?
4
Evaluate 1 + (-2 - -3) - (4 - 2).
0
-3 - -5 - (-3 + 2 + -2)
5
What is the value of -10 - (-5 + (6 - 1) + -4)?
-6
What is the value of (7 - 10 - -9) + -11?
-5
Evaluate 5 + -1 + (29 - 33).
0
Calculate (0 - -5 - (-13 + 9)) + -1.
8
What is 4 + -3 + (0 + 1 - 2)?
0
What is the value of -1 - 0 - -3 - (-7 - -4)?
5
(-8 - (1 + -5)) + 4
0
Calculate -4 + (-4 + (4 - 0) - 0).
-4
What is -3 + -9 + 6 - (-4 + 0)?
-2
(1 - 1) + 5 + -1
4
What is the value of 0 + (0 - -2) + -5?
-3
What is the value of 4 + -1 + 0 + (-8 - -6)?
1
Evaluate 0 + -2 - (-5 - -6).
-3
What is the value of (1 + 6 - (-39 + 52)) + 9?
3
1 + -1 + 6 + -1
5
-1 + (3 - 2 - (2 + -4))
2
Calculate 4 + (3 - (9 + 1 + 1)).
-4
Evaluate 7 + -9 + -3 + 0.
-5
0 - ((-5 + 6 - -4) + 0)
-5
What is the value of 4 + -1 + 5 + -11?
-3
0 + 1 + (2 + -8 - -6)
1
Evaluate (-3 - -5) + (5 - 9).
-2
0 - 1 - (-1 + -3)
3
(-21 - -19) + (-5 - (-4 - -2))
-5
-7 + (7 - -6) + -9
-3
What is 5 - (0 - (7 - 13)) - 4?
-5
What is the value of (-1 - (4 - 1)) + 7?
3
Evaluate -2 + -1 - ((7 - 1) + -11).
2
What is the value of -1 + 11 + -8 + 7?
9
Evaluate (30 - 31) + -2 + -1.
-4
What is 12 - (6 - (-3 + (10 - 6)))?
7
(1 - -3) + (-2 - 7) + 13
8
What is the value of (-2 - (-11 - -7)) + (-1 - 2)?
-1
Evaluate (-11 - -9) + (3 - -1).
2
What is -2 + (-5 - -7 - -1)?
1
Calculate 5 - ((-4 - -9) + 0).
0
Evaluate -2 + 9 + 2 + -3.
6
Calculate 0 - ((7 - 6 - -1) + 2).
-4
What is the value of -7 + (14 - (13 + 3))?
-9
What is the value of 0 - 1 - (-7 + 2 + 8)?
-4
Calculate 1 - 3 - (-1 - (3 - 6)).
-4
Calculate (-10 + 17 - -3) + -2.
8
Evaluate -9 - (-5 + 5 - 1).
-8
What is the value of 4 - (-2 + (9 - 9))?
6
What is (6 - (1 + 4)) + -3?
-2
6 + (-4 + -3 - -4)
3
What is -1 - -3 - (0 - -4)?
-2
Evaluate -1 + (-2 - (-2 + -3) - 3).
-1
Calculate -1 + 16 - (29 - (21 + 3)).
10
What is -4 - 0 - -5 - -3?
4
What is (-1 - -4 - 0) + -4?
-1
What is the value of -4 - (0 + (2 - 4)) - -5?
3
What is the value of -4 + 4 + -4 - -12?
8
Evaluate (-1 + 0 + 2 - 7) + 1.
-5
17 - 9 - 4 - 2
2
Calculate -1 + 3 + (-1 - -2).
3
Calculate (-148 - -145) + (-2 - 1).
-6
Calculate 1 + 3 + (-2 - 1) + 1.
2
Evaluate 2 + -1 + -4 + 6.
3
3 + 1 + -16 + 9
-3
What is -1 + (10 + -10 - (1 